0
In base 2, what is 1 + -100000011011010100100000000?
-100000011011010100011111111
In base 8, what is 41446 + 234?
41702
In base 10, what is -3350892 - 9?
-3350901
In base 12, what is -2aa - -11bb089?
11ba99b
In base 9, what is 16372 - -231665?
248147
In base 8, what is -3175 + 11212?
6015
In base 16, what is 1b + -2da53?
-2da38
In base 8, what is 106220 - -2145?
110365
In base 15, what is 818 - ee6?
-6cd
In base 5, what is 3 + 233230110?
233230113
In base 7, what is 14250 - -3443?
21023
In base 15, what is 17 - 7016?
-6eee
In base 13, what is -11447a4a0 + 4?
-11447a499
In base 9, what is 241855 - -511?
242466
In base 14, what is c74a - -c86?
d5d2
In base 6, what is 5033 - -11355?
20432
In base 3, what is 20021 + -1001222022?
-1001202001
In base 3, what is -202201022 - -110021211?
-22102111
In base 13, what is -9094020 - 1?
-9094021
In base 4, what is 10303010103221 + -11?
10303010103210
In base 11, what is 465472 + 51?
465513
In base 13, what is 27 + 1a791b?
1a7945
In base 4, what is 0 - -11101213310?
11101213310
In base 6, what is 22340253231 - 0?
22340253231
In base 4, what is -102201013302 - -11?
-102201013231
In base 9, what is 21 - 408246?
-408225
In base 2, what is 1110011110 - -1111100?
10000011010
In base 16, what is -5969 - 10?
-5979
In base 14, what is -5b + -10b592?
-10b60d
In base 14, what is -2 - 7cbc74?
-7cbc76
In base 9, what is 4 - -460403?
460407
In base 15, what is -e0 - -d74c?
d65c
In base 6, what is 5 - -421422210?
421422215
In base 4, what is -212032 - -2100030?
1221332
In base 16, what is -2bc8f6 + -5?
-2bc8fb
In base 5, what is -2201 + -1103243321?
-1103301022
In base 15, what is cd3b + 79?
cdb5
In base 5, what is 13021301410 - 4?
13021301401
In base 4, what is -1211010333 + -1230?
-1211012223
In base 15, what is -30 + 2cd16?
2ccd6
In base 14, what is 661830c5 + 4?
661830c9
In base 13, what is -5 + 2b9671?
2b9669
In base 10, what is 121 + 41246?
41367
In base 11, what is -4112853 - 3?
-4112856
In base 5, what is 14123433331 + -41?
14123433240
In base 2, what is 11 + -101001010000111011110100?
-101001010000111011110001
In base 3, what is 22220002 + 1112220?
101102222
In base 8, what is 442533 + -1075?
441436
In base 13, what is -1c - 5746b?
-5748a
In base 4, what is -1 - -21103201033?
21103201032
In base 5, what is 110130343010 - 30?
110130342430
In base 2, what is 1100011 - -101111000101100111?
101111000111001010
In base 14, what is -1cd581d - 5?
-1cd5824
In base 4, what is 1 - -10023230103002?
10023230103003
In base 7, what is 0 - 106530413?
-106530413
In base 4, what is -12032022 + 2231332?
-3200030
In base 9, what is -27 - 2381512?
-2381540
In base 3, what is -2210101010 - 202202?
-2211010212
In base 9, what is 1721637 + -126?
1721511
In base 10, what is 4466 + 37015?
41481
In base 9, what is -67354365 + 3?
-67354362
In base 2, what is 110000101101 + -11111110111100?
-11001110001111
In base 15, what is 31256 - -1d3?
31439
In base 8, what is 2 + -404375251?
-404375247
In base 8, what is -2575 - 47764?
-52561
In base 15, what is 62 + 59c34d?
59c3b0
In base 4, what is 10210 - -13303323?
13320133
In base 4, what is -10 - 103211112130?
-103211112200
In base 14, what is 446 - 1a193?
-19b4b
In base 7, what is -1454113 + -31?
-1454144
In base 11, what is 1119a + 4a?
11239
In base 11, what is -8134a04 + -9?
-8134a12
In base 10, what is -733836 - -87?
-733749
In base 14, what is 49 - 6b617?
-6b5ac
In base 3, what is -2112012221221210 + 12?
-2112012221221121
In base 8, what is -17 - -1723450?
1723431
In base 8, what is -77 - -2632520?
2632421
In base 10, what is 15788006 - 11?
15787995
In base 16, what is -101d - -476?
-ba7
In base 12, what is 10a9 - a695?
-95a8
In base 5, what is -1112 - 141121033?
-141122200
In base 5, what is 12013143404 - -43?
12013144002
In base 2, what is 11000110100010000111110 - -11?
11000110100010001000001
In base 14, what is 1 - 6c58d?
-6c58c
In base 11, what is -5 + 29688a?
296885
In base 5, what is -11331 + 1342443?
1331112
In base 9, what is -835448 + 16?
-835432
In base 9, what is -10620 - -1737?
-7772
In base 7, what is 0 - -44520565?
44520565
In base 14, what is 24 - -1a86907?
1a8692b
In base 8, what is 50222306 + -11?
50222275
In base 11, what is 115438 - -19?
115456
In base 16, what is -10d24 + -d3?
-10df7
In base 11, what is 2939 + 287a7?
30635
In base 4, what is 2 + -121311013020?
-121311013012
In base 2, what is -100101111110100100111 + 10010?
-100101111110100010101
In base 10, what is -28055 - -554?
-27501
In base 10, what is -287866871 - -5?
-287866866
In base 14, what is 5 + -12d429?
-12d424
In base 7, what is 4 + 252264252?
252264256
In base 13, what is -138ca1 - -711?
-138590
In base 11, what is -9071738 + -11?
-9071749
In base 16, what is -573a1 + 8?
-57399
In base 4, what is -2110 + 221221?
213111
In base 8, what is 251034535 + 4?
251034541
In base 12, what is 1 + 6208a02?
6208a03
In base 10, what is 428 + 36464?
36892
In base 13, what is -3996a - -3c7?
-39573
In base 14, what is 2c0a6a2d - 4?
2c0a6a29
In base 4, what is -12130 + -2300130111?
-2300202301
In base 4, what is 2300310303003 - 2?
2300310303001
In base 5, what is -442212104 + 2?
-442212102
In base 11, what is -6336 - 532?
-6868
In base 2, what is -100111100100000101 - -10011000011?
-100111010001000010
In base 5, what is 2144 - 140003?
-132304
In base 13, what is -19 + -38cc24?
-38cc40
In base 3, what is 110000 + 1110112020000?
1110112200000
In base 4, what is 11 + -2023233211?
-2023233200
In base 5, what is 11 + 13030024213?
13030024224
In base 10, what is 3 + 95124302?
95124305
In base 7, what is -142661 - 510?
-143501
In base 15, what is -3b2 + 3a8d?
36cb
In base 13, what is 18c7 + 446?
2040
In base 10, what is 429443 - 16?
429427
In base 14, what is 16ad55 - -18?
16ad6d
In base 7, what is -4 + 11566542?
11566535
In base 9, what is 1 - -6417272?
6417273
In base 11, what is 660619 - 3?
660616
In base 16, what is -84521 + -5?
-84526
In base 9, what is -3083 - 46678?
-50772
In base 9, what is -22800 - -5438?
-16351
In base 3, what is 2 + 2001002101001?
2001002101010
In base 4, what is -2211323 + -130?
-2212113
In base 5, what is -3 + -132024201?
-132024204
In base 6, what is 110444443 - -5?
110444452
In base 10, what is 2 + -33090887?
-33090885
In base 9, what is 6 - 38443351?
-38443344
In base 9, what is 5 + -1831057?
-1831052
In base 7, what is -6006454306 - 2?
-6006454311
In base 10, what is 4733 - -604?
5337
In base 4, what is -3332132 + 1301?
-3330231
In base 7, what is -635531 - -363?
-635135
In base 7, what is 13311432 - -134?
13311566
In base 12, what is -1174aa9 - -1?
-1174aa8
In base 6, what is -2513 - -14214231?
14211314
In base 3, what is 12011010102 - 21001020?
11220002012
In base 14, what is -3344 + -336d?
-66b3
In base 7, what is 11640265 + -100?
11640165
In base 5, what is -1132413 - 4242?
-1142210
In base 2, what is -101101010 - -11010011000110111?
11010010011001101
In base 10, what is -10742413 + -43?
-10742456
In base 16, what is 0 - 44a8b7?
-44a8b7
In base 4, what is -22030 - -31032303?
31010213
In base 16, what is e39e9a + 3?
e39e9d
In base 5, what is 2424401133 + -1?
2424401132
In base 11, what is 8a9 + 29762?
2a560
In base 5, what is -2 + -11243101223?
-11243101230
In base 11, what is -5661a97 - 0?
-5661a97
In base 6, what is 45 - 13415024?
-13414535
In base 5, what is 4 + -1001420411?
-1001420402
In base 13, what is -1 + 9ccb86?
9ccb85
In base 5, what is -2 + -14213334320?
-14213334322
In base 2, what is -100000111111000 + -1101011000?
-100010101010000
In base 7, what is 466551 - 130?
466421
In base 7, what is 64223 + 1002?
65225
In base 3, what is -10012120121000002 - 22?
-10012120121000101
In base 10, what is 4 + 99352156?
99352160
In base 6, what is 1144 - -1044140?
1045324
In base 15, what is 354 + 2011d?
20472
In base 8, what is -531 - 444766?
-445517
In base 9, what is -13751 - -17456?
3605
In base 16, what is -5 - -4c0612?
4c060d
In base 4, what is -2 + 10112300100232?
10112300100230
In base 14, what is -758804 + 32?
-7587b2
In base 11, what is 1 - -293589?
29358a
In base 5, what is 124 - -22432224?
22432403
In base 7, what is -15014124 + 0?
-15014124
In base 10, what is -5464308 + -2?
-5464310
In base 2, what is 100100001111010011110 + 11000?
100100001111010110110
In base 3, what is 110